 - -18.
-20
What is (8 - (23 - -5) - -17) + (-14 - -2)?
-15
What is the value of 0 + 3 + (-26 - (24 - 61))?
14
What is 16 + -20 - (0 - -6)?
-10
What is the value of (6 - -4 - 1 - 14) + 3?
-2
What is the value of (7 - -3) + -7 + -1?
2
42 - (-9 - ((13 - 3) + -34))
27
Calculate -6 + 6 + (5 + 1 - 0).
6
Evaluate (4 + -4 - 9) + (2 - -1) - -8.
2
What is the value of (0 - 14) + 40 - ((-1 - -7) + 1)?
19
Calculate (3 + -1 - (-66 + 61)) + -19.
-12
What is 25 + 4 + -14 + -10?
5
What is the value of -6 + 8 + (-1 - 1) + (-45 - -24)?
-21
What is (4 - (0 - -1)) + 57 + -87?
-27
3 + 0 + (6 - (0 - -10 - 7))
6
Evaluate -2 + 0 + 21 + (-9 - -12) + -2.
20
(2 - 7) + (13 - -3 - 17)
-6
5 - (1 - 3) - (0 + 3)
4
What is (-9 - -6) + -20 + 12 - (-2 + 11)?
-20
Calculate -1657 + 1637 + 29 + -1.
8
Calculate 0 + 18 - ((8 - -1) + -2).
11
What is the value of 61 + -67 + -4 + 0 + 4?
-6
18 - (-7 - -2 - -14) - 10
-1
Calculate -1 - (1 + -4) - 25 - (187 - 193).
-17
What is the value of 1 + 3 + 23 + -26 + 8?
9
Evaluate (-58 - -27) + (-10 - -1) + 21.
-19
Evaluate (7 - -6) + (-9 - (3 - 6)) + -21.
-14
What is (-42 - -28) + (0 - -6) + -6?
-14
Calculate -1 - (21 + -39 - (-16 + 3 + 4)).
8
-36 - (-47 + 6) - ((1 - -1) + -21)
24
Evaluate -1 + 4 + (616 - 629).
-10
What is the value of 0 + (-4 - 2) + 7 - (9 - 12)?
4
What is 8 + -4 + -8 + 5?
1
Evaluate 0 + 12 - (-8 - (-47 + 36)).
9
Calculate -8 + (3 + -10 - -8).
-7
What is 8 + -16 + (-11 + 7 - -5 - 8)?
-15
What is the value of -7 + 4 - (-12 + 5) - (1 + -11)?
14
What is the value of -2 - (4 + -21) - (-7 - -5 - -8)?
9
1 + -8 - ((-2 - -18 - 8) + -32)
17
Evaluate 2 - 15 - -2 - (434 - 465).
20
Evaluate 26 + (-34 - -10) - 30.
-28
Calculate 4 - (-12 - (-7 - -2)) - (-3 - 3).
17
What is -29 - (-51 + 3 + 24)?
-5
Calculate (51 - 52) + 6 + 18 + (7 - 5).
25
Evaluate 6 - (-1 + -2 + -4 + (3 - -1)).
9
Evaluate -17 + -15 + 20 - -30.
18
What is the value of (-4 - (8 + (-16 + 8 - 0))) + -23?
-27
Calculate 10 - ((-92 - -100) + -8 + 2).
8
Evaluate 50 - 53 - (-3 - (3 - 1)).
2
What is the value of -20 + (-26 - -18 - -13)?
-15
3 + -3 + (-6 - -1 - -26 - -4)
25
Evaluate (2 + (32 - 2) - (296 - 287)) + 0.
23
-14 + 2 + (12 + (-12 - -19) - 12)
-5
Evaluate -17 + (7 - (-1 - (-1 - 3 - 2))).
-15
Evaluate 9 - (7 - (1 - -6 - (5 + -5))).
9
(-2 - 0) + 5 + (15 - (-16 + 36))
-2
What is the value of (-16 - 15) + -8 - -15?
-24
-153 + 144 - (13 + (-1 - -2))
-23
What is -1 + 1 - (70 - 49)?
-21
Evaluate (-167 - -169 - (1 + -1)) + 9.
11
What is the value of 30 + -54 + 15 + 13?
4
What is 20 - (46 - (5 + 12))?
-9
What is the value of (-18 - -32) + 3 + -32?
-15
Calculate (0 - 12) + (22 - (78 + -48)).
-20
What is the value of -8 + 3 + (8 - (5 - 5))?
3
What is 423 + -426 - (0 + -15)?
12
What is the value of -2 + 5 - ((5 - (15 + -22)) + -20)?
11
Evaluate -4 - (12 - 29) - 13.
0
Calculate (-6 - 2) + (6 - (-7 - -16)).
-11
-11 + 0 + -5 + (75 - 70)
-11
What is the value of -45 - -68 - (6 + -3)?
20
What is the value of 10 - ((10 - (-1 + 4)) + 4)?
-1
Evaluate -12 - (-5 + -1 - (20 + -26)) - -1.
-11
What is 6 - (8 - 1 - (-21 - -13))?
-9
Evaluate 5 + (0 + 2 - 2) + -3 - -11.
13
What is the value of 14 + -9 + (2 - 4)?
3
What is -31 - (-73 + 32 + -18)?
28
What is -16 - ((-5 - (-8 - -4) - 1) + 4)?
-18
What is the value of 0 + -3 + -21 - (15 - 20)?
-19
Evaluate 14 + -26 + 7 - (1 - 12).
6
-5 + -12 - (14 - 22)
-9
-22 + -8 + -38 + 41
-27
Evaluate (3 + 9 - 13) + 0 + 0 - -18.
17
Evaluate (19 - 10) + -2 + 0 + 0.
7
-7 + (-2 - -3) + (5 - 11)
-12
What is (10 - (-3 - 1)) + 13 + -15?
12
What is 18 + -29 - (-3 + -7 + 2)?
-3
Calculate (-3 + 3 + 0 - -10) + -23.
-13
What is the value of 33 - 23 - (0 - 0 - -5)?
5
Evaluate 14 + 1 + 15 + -48 + 4.
-14
Evaluate 24 - 17 - 10 - 12.
-15
Calculate (0 - 0 - -23) + -6014 + 6019.
28
-1 - (-23 + 14) - (4 - 3 - -27)
-20
Evaluate 62 + -102 + 28 + (3 - 1) + 7.
-3
What is the value of 21 + (4 - 11) + -25?
-11
What is -3 + 8 + -9 - (-3 - -4)?
-5
What is the value of -4 - ((-2 - 4) + (10 - 8))?
0
Calculate 1 + -5 + -17 + 2.
-19
Calculate 10 - (-7 - (-12 - 5) - (3 - 11)).
-8
3 - -7 - (-31 - -46)
-5
Evaluate -30 + (90 + -25 - 24).
11
Calculate -27 + 2 - -30 - -1.
6
Calculate 15 + (11 - 39) + 5.
-8
-12 - (-2 + -3 + (7 + -3 - -2))
-13
What is the value of (4 - (-2 - 0)) + -49 + 37?
-6
Calculate (1 - 7) + 2 + (7 - 5) - 3.
-5
(-2 - (-1 + 7)) + 9 + 1 + -6
-4
8 - (25 - (0 - 11 - -7))
-21
What is the value of 9 + 10 + -7 + (1 - 5)?
8
Evaluate -6 + (-6 - -6) + 11.
5
(-8 - -15 - 16) + 4 + 1 + 6
2
What is -4 - (-2 + 12 - 28)?
14
-167 + 104 - (0 - 38)
-25
Evaluate 25 - 30 - (1 + 2).
-8
Evaluate -10 - -11 - (-17 - -9 - -16 - 41).
34
What is the value of (8 - 9 - 2) + (-29 - -50)?
18
8 + (-6 - 4 - (-18 - -9))
7
Evaluate 3 + -16 + 28 - 15 - 21.
-21
What is the value of 24 - (-4 - 2 - (-68 + 71))?
33
Calculate (-36 - -68) + -33 + (-1 - (-3 + 28)).
-27
What is the value of -12 + 6 + 2 - (-5 + 2 - -9)?
-10
Calculate (3 - (13 + -3) - (0 - 0)) + -2.
-9
What is (1 - (8 - 10)) + -6 + 21 + -2?
16
Calculate (-1 - ((-3 - -1) + -2)) + (-4 - -10).
9
What is the value of -1 + 16 - ((-21 - -28) + 15)?
-7
(-34 - -59) + -34 - (5 - 1)
-13
Evaluate -12 + (11 - (-2 + -6)).
7
Calculate (-10 + 6 - -2) + 7 + -18.
-13
(2 - 3) + 5 + (-14 - (-1 + -4))
-5
Evaluate -17 - (1 + -2 + -14).
-2
Evaluate 16 - (32 + -7 + -3).
-6
Calculate (-35 - -25) + 12 + -13.
-11
Calculate -18 + (-1 - (-17 + -11 + 13)).
-4
What is the value of (9 - 0 - 3) + -9 + (-6 - 0)?
-9
Evaluate -7 + (-7 - -15) + 5 + -17 + 3.
-8
What is -19 - ((-3 - (-11 + 3 + -1)) + 4)?
-29
Evaluate 1 - (-6 + (-1 - -11 - (-46 + 41))).
-8
What is the value of -7 + 6 - -8 - 14 - -13?
6
Calculate (3 + -2 - 1) + (4 - 3) + 7.
8
-6 - (4 - ((6 - 22 - -7) + 7))
-12
What is the value of 1 + 9 + 6 + -28?
-12
Evaluate (-9 - 0) + (13 - (16 + -5)).
-7
Calculate -1 + 1 + -1 + 8 + -14 + 16.
9
Evaluate -51 - -42 - (-24 - (-6 + 3)).
12
-2 + (2 - -13) + -21
-8
Calculate -19 - (3 - (-4 - (6 + -1 + -12))).
-19
What is (-3 - (19 - 24)) + -2?
0
What is the value of -3 + (5 - 5) + 6 + -12?
-9
What is 4 - 0 - (-6 - 1 - -11)?
0
What is the value of (12 - 6 - 12) + (2 - 7)?
-11
What is the value of 1 + 6 + (9 - 17 - (-8 + -3))?
10
What is 6 + 10 + -10 + -1 - -13?
18
What is the value of 1 + -2 + (-59 - 26 - -56)?
-30
What is 3 - -1 - 0 - (19 - (0 + 27))?
12
-3 + 7 + 14 + -20
-2
What is the value of -10 + 16 + 2 - (-6 + -8)?
22
What is the value of -32 - ((4 - 11) + 1 + -8)?
-18
What is the value of 4 + (-11 - 2) - -8?
-1
What is -6 - -10 - (0 - -1 - (-5 + 10))?
8
What is -14 + -12 - -14 - -10 - (3 + 0)?
-5
What is -9 + 16 + -4 + 5?
8
Calculate 14 + (10 - 18) + 5 + 3.
14
What is (-1 - (1 + 0)) + (-15 + 27 - 4)?
6
Evaluate -24 + 26 + -3 + 2 + (-9 - 4).
-12
-7 + (6 - (7 + -13))
5
What is 2 + -2 + 0 - (9 - 10) - -2?
3
What is 17 + (36 - (-15 + 34) - 2)?
32
Evaluate (1 - -4) + (-16 - -13) - 13.
-11
Evaluate (-9 + 0 - (1 - 13)) + 2 + -4.
1
What is the value of -2 + 7 - (13 + -16)?
8
What is the value of 8 - (-18 + (27 - 12) - (11 + -2))?
20
Calculate (-2 - 0) + (10 + -10 + -10 - 1).
-13
(-7 - -9) + (1 + -4 - -12)
11
Evaluate -54 + 110 + -66 + (0 - 0) + 19.
9
What is -7 + (-15 - -25) + -15?
-12
What is the value of (-1652 - -1644) + 0 + 1 + -2?
-9
Evaluate (1 - 11) + -153 + 154.
-9
-1 + 52 - (-441 + 469)
23
(17 - 3) + -11 + 11 + (6 - 6)
14
9 + (7 - 6) + -17
-7
Calculate (7 - -1) + -5 + (-5 + 13 - 3).
8
What is 14 + (13 - -6 - 20)?
13
What is the value of 4 - (-1 - -15 - (17 + 28))?
35
Calculate 7 + -17 - (-2 + -8).
0
What is 1 - (-26 + 14 + 21)?
-8
Evaluate (-23 - (-56 + 28) - (-12 + -1)) + -3.
15
What is the value of -12 + -4 + -5 + 27 - (30 + -1)?
-23
What is the value of (-13 - (3 - 1)) + (33 - (-33 + 61))?
-10
-12 - (-12 + 24 + -22)
-2
-15 - (14 + -12) - (-3 + -5)
-9
Calculate -9 - (7 + (2 - (5 - -4 - 3))).
-12
What is the value of -5 + -4 + 19 - (-2 - 1)?
13
-1 + -14 + -10 + 20 + -20 + 17
-8
Calculate (14 + -30 - -20) + (1 - (3 - 18)).
20
8 + (6 + -12 - -1) - 16
-13
Calculate 0 - 0 - (-43 + 38) - -2.
7
What is the value of 14 + -37 + 5 + 32?
14
What is the value of -17 + (-9 - (-28 - -6))?
-4
What is -15 - (-13 + -12 + 19 - 0)?
-9
What is -56 + 34 - (-42 - 1)?
21
Calculate 4 - -1 - -1 - (-10 + 0 - -15).
1
Calculate -4 - (-6 - ((11 - 0) + 3 + -7)).
9
What is the value of (2 + 4 - (14 - 13)) + -6?
-1
Evaluate 9